4 - (2 - (3 + -2 + -2)). What are the prime factors of (2/d)/(5 + (-4464)/894)?
2, 149
Let m(n) = 4 + 44 + 484*n - 538*n. What are the prime factors of m(-6)?
2, 3, 31
Let i = 21 - -16. Let t = i - 32. Suppose -4*x + 348 = -a + 105, t*x = -a + 315. What are the prime factors of x?
2, 31
Let z(r) = -r**2 + 25*r - 32. Let n = 13 - 10. Let l be (1 - n)*(-18)/(6/2). What are the prime factors of z(l)?
2, 31
Let b(c) = c**2 + 1. Let o(l) = 4*l**2 - 3*l - 2. Suppose 4*w - 12 = 8. Let p(x) = w*b(x) + o(x). List the prime factors of p(-4).
3, 53
Suppose -137*s + 2*j = -138*s + 56, 5*j + 25 = 0. Let c(m) = -m**3 - 7*m**2 - 3*m + 1. Let o be c(-5). Let p = s + o. List the prime factors of p.
2
Let a = -86 + 103. Let y(c) = c**3 - 18*c**2 + 19*c - 7. What are the prime factors of y(a)?
3
Let k = -1409 + 1891. List the prime factors of k.
2, 241
Let n(v) = v**3 - 10*v**2 - 2*v - 7. Let x be n(10). Let z = 110 + x. List the prime factors of z.
83
Let m be -64504 - ((-26)/(-78))/(2/(-6)). List the prime factors of (-42)/77 - m/99.
3, 7, 31
Let o = 4400 + -2550. What are the prime factors of o?
2, 5, 37
What are the prime factors of ((-399627)/81 - 29)*(-30)/8?
2, 5, 1861
Let r be 3/(-1) - (49 + (2 - 3)). Let p = 51 + r. Suppose p = 11*v + v - 444. List the prime factors of v.
37
Suppose 2*c + 141 = q, -5*q + 125 = -2*c - 28. Let k = 75 + c. Suppose -k*z + 5*z + 177 = 0. What are the prime factors of z?
3, 59
Let p(m) = -1239*m - 1306. List the prime factors of p(-18).
2, 29, 181
Let o = 81 - 77. Suppose -1 = -0*q - q. List the prime factors of 99/18 - (q - 2/o).
5
Let w be 6 - (108/26 - (-6)/(-39)). Suppose z + w*z = 4*m + 30, -4*m - 22 = z. List the prime factors of ((-422)/4)/(4 + 27/m).
211
Suppose 4*x = 6*b - 3*b - 7963, 5*x + 13270 = 5*b. What are the prime factors of b?
7, 379
Let w be 3/(2/(-10)*-5). Suppose -4*q = -5*b + w, -3*b + 5*q = -0*q + 6. Suppose -m + 4*m - 4*u - 222 = 0, -b*u + 341 = 5*m. List the prime factors of m.
2, 5, 7
List the prime factors of (-6)/(-10) - (217399/(-35) - -5).
3, 2069
Let x = 54 - 53. Let i be (-2*x + 1)*6/1. What are the prime factors of ((-333)/(-18))/(1*(-3)/i)?
37
List the prime factors of (33/(-6))/(40/(-91520)).
2, 11, 13
Let x = 121 + -69. Let b = x + -53. What are the prime factors of 2 - (-83 - (b + 3))?
3, 29
Let p = 90 + 158. Suppose -p = -15*a + 13*a. List the prime factors of a.
2, 31
Suppose -2*z + 16 = -4*b, -18 = -2*z - 5*b - 2. Suppose -14*h = -z*h - 384. List the prime factors of h.
2
Suppose -136325 = -681*j + 674*j. List the prime factors of j.
5, 19, 41
Let l(t) be the first derivative of -t**4/2 - 13*t**3/3 + 9*t**2 + 28*t + 104. List the prime factors of l(-8).
2, 19
Let a = -133 + 133. Suppose a = -2*b + v + 722, -b + 0*b + 364 = -2*v. List the prime factors of b.
2, 3, 5
Let z = -40 + 30. Let w be (-425)/34*24/z. Let b = 57 - w. What are the prime factors of b?
3
Let m(r) = -r**2 + 11. Let c be m(3). Suppose 0*y + 600 = 2*x - y, c*y + 602 = 2*x. List the prime factors of x.
13, 23
Let p = 21752 - 15479. List the prime factors of p.
3, 17, 41
Let u(r) = r**3 + 7*r**2 + 8*r + 14. Let k be u(-6). Suppose 9*j + k*y = 4*j + 181, j - y = 32. Let d = j - -149. List the prime factors of d.
2, 23
Let y = -16861 - -24146. What are the prime factors of y?
5, 31, 47
What are the prime factors of ((-22858)/(-3))/((-3)/270*-15)?
2, 11, 1039
Suppose -267*w + 6170484 = -1724439. List the prime factors of w.
29569
Let i(s) = s**3 - 7*s**2 - 13*s + 6. Let a(v) = v**2 + 12*v - 4. Let q = -11 - 2. Let y be a(q). List the prime factors of i(y).
3, 17
Let m be (-6448)/(-31)*1*2/(-4). Let l = 88 + m. What are the prime factors of l/(-20) - 1*1562/(-10)?
157
Suppose -10 = -76*c + 74*c. Suppose -3 = -d + 2*d - 3*o, 3*d - 5*o = -c. Suppose -12*s + s + 1012 = d. What are the prime factors of s?
2, 23
Suppose 0 = 38*u - 684687 - 413399. What are the prime factors of u?
11, 37, 71
Let i = -27860 - -40821. What are the prime factors of i?
13, 997
Suppose 46 + 116 = 9*n. Let s(h) = 52 - n + 5952*h - 5958*h. What are the prime factors of s(-10)?
2, 47
List the prime factors of (48/(-9) - -4)*446088/(-16).
2, 18587
Suppose -157*j = -84*j - 1996105 - 187398. List the prime factors of j.
7, 4273
Let k(d) = -d**3 - 12*d**2 - 15*d + 42. Let n be k(-10). Let c(t) = 177*t**3 + t**2 + t. Let s be c(-1). List the prime factors of (2/n)/((-15)/(-40))*s.
2, 59
Suppose 4*a + r + 19 = 0, 2*a - 5*r = 3*a + 19. Let c(t) = -2*t**2 - 10*t - 5. Let f be c(a). What are the prime factors of 1*3/(f/(-2)) + 155?
3, 17
Let s = -43 - -41. Let f = 129 + s. Let z = -64 + f. What are the prime factors of z?
3, 7
Suppose 3713 = 4*y - 763. Suppose 14*f + 5*o - 2226 = 12*f, -f + y = o. What are the prime factors of f?
1123
List the prime factors of (3549/(-3) + -1*25/5)*-1.
2, 3, 11
Let d(h) = -5*h**3 - 316*h**2 - 253*h + 94. What are the prime factors of d(-63)?
2, 13, 29
Let l be 6/6*-4 - (0 - -122). Let z = 153 + l. List the prime factors of z.
3
Let l(i) = -12*i + 370. Let t = 240 + -240. What are the prime factors of l(t)?
2, 5, 37
Let h = -161 + 140. What are the prime factors of (-8232)/(-18) - (-7)/h?
457
Let z = -824 + 348. Let x = 1024 - z. List the prime factors of x.
2, 3, 5
Let v = -133 + 239. Suppose 12*h - v = 626. List the prime factors of h.
61
Let o be (20/6)/(6*8/(-1512)). Let b = 198 - o. What are the prime factors of b?
3, 101
Suppose -76 = 5*d - 226. Suppose -h = 2*h + d. Let l = 19 - h. What are the prime factors of l?
29
Let t(l) = -3*l**2 - 11*l - 13. Let b(p) = 6*p**2 + 21*p + 25. Let s(c) = 6*b(c) + 11*t(c). Let z be s(19). List the prime factors of 2/(247/z - (-1)/(-5)).
3, 79
Suppose 5*c + f = 2*f - 3, 4*c = 5*f - 15. Suppose x + 1374 = 4*i + 3*x, i - 2*x - 351 = c. Let s = i - 204. List the prime factors of s.
3, 47
Let g = 2086 + 2557. Let j = g - 3085. What are the prime factors of j?
2, 19, 41
Let c be 4/(-26) - (-1 - (-964)/(-13)). Let x = c + -38. Suppose -x*a + 57 = -36*a. List the prime factors of a.
3, 19
Let k = 63 + -57. Suppose k*u = 4*u - 188. List the prime factors of u/(-10) + 1 - (-3)/5.
11
Let t(x) = -14*x**2 - 411*x - 53. List the prime factors of t(-21).
2, 601
Let i = -7 + 11. Let y(r) = -108*r + 2695. Let b be y(24). Suppose -i*a = -137 - b. List the prime factors of a.
2, 3, 5
Let y be (-344)/16 - -7 - 1/2. Suppose 4*w + 4*b + 400 = 0, 0 = -w - 4*b - 144 + 29. Let z = y - w. What are the prime factors of z?
2, 5
Suppose 0 = 2*t + a - 8092, 0 = -t + 756*a - 761*a + 4073. What are the prime factors of t?
13, 311
Let x(t) = t**2 - 24. Let m be x(-5). Let u(p) = 5*p + 7. Let n be u(m). Suppose -3*b - n = -0*b, c + 4*b - 131 = 0. What are the prime factors of c?
3, 7
Let b be -1 - -40 - (-16 - -19). Suppose -8*r - 2*r = -3200. Let v = r - b. List the prime factors of v.
2, 71
Let o = 13920 + -76. What are the prime factors of o?
2, 3461
Suppose 55 = 5*i + 2*a + a, 3*a = -i + 23. Let v = 24 - 27. What are the prime factors of 30*(i/v - -4)?
2, 5
Suppose 38 = -4*p + 50. Suppose 3*c + 2*o = 766 + 179, o = -p*c + 942. What are the prime factors of c?
313
Let y be (-2289)/(-6*6/24). Let j = -1029 + y. What are the prime factors of j?
7, 71
Let j = -392 - -419. Suppose -j*r + 2274 = -885. What are the prime factors of r?
3, 13
Let j(i) = 4*i**2 + 53*i + 27. Let f be j(-13). List the prime factors of 26*((-21)/f - -3).
3, 13
Suppose 2*u - 23 = 5*b, -4*b - 3 = -7. Suppose -4*m + 4116 = 4*z, -16*z + u*z + 4*m = -2082. What are the prime factors of z?
1033
Let o(f) = -596*f - 1. Let u(z) = -2*z - 17. Let n be u(-8). Let r be o(n). Suppose -2*a = -7*a + r. List the prime factors of a.
7, 17
Let u(b) = -b - 7. Let t be u(-9). Suppose -7*d - o + 483 = -t*d, 5*d = 4*o + 468. Let m = d - 3. What are the prime factors of m?
3, 31
Let f be (1*-98)/(-7 - -9). Let o = f + 9. List the prime factors of (1370/o + -1 + -1)*-4.
5, 29
Let u = 33656 - 20954. What are the prime factors of u?
2, 3, 29, 73
List the prime factors of 1/(12/1168)*108.
2, 3, 73
Let s = -30297 - -49995. List the prime factors of s.
2, 3, 7, 67
Let a = -18 - -22. Let h be (-2)/(a/(-9))*-350. List the prime factors of h/(-18) - 2/(-4).
2, 11
What are the prime factors of (-1823 - -107)*20/(-3)?
2, 5, 11, 13
Suppose -44*s - 40001 = -10668 - 455385. What ar